*j + 7 + 5 = 0, 5*t = -4*j - 15. Let d be 2/t*(-120)/16. Calculate h(d).
6
Let h(t) = t**3 - 4*t**2 - 5*t + 5. Suppose 0 = -j + 4*a + 7, j + 3*a + 2 + 5 = 0. Let z be j + 0 + 1 + 6. Let u be ((-2)/z)/(2/(-30)). Determine h(u).
5
Let m(l) = l**3 + l**2 + l - 1. Let o = -62 + 60. What is m(o)?
-7
Let d be 6/(-21) + 60/(-35). Let u(k) = 2*k - 1. What is u(d)?
-5
Let b = 15 + -12. Let n(r) be the third derivative of r**6/120 - r**5/15 + r**3/3 - 2*r**2. What is n(b)?
-7
Let h(t) = -2*t**2 + 2*t + 1. Let j be h(-1). Let z be j/9 + 2/6. Let r(f) = -f**3 - f**2 - f - 1. Calculate r(z).
-1
Let y(q) = 0 - 14*q**2 - q**3 - 2*q - 3 + 12*q**2. Calculate y(-2).
1
Let j(q) = -3 + 6 - 1 + 2*q - 13*q**2 + 14*q**2 - 3. Suppose 9*d - 4*d - 5 = 0. Give j(d).
2
Suppose 0 = l + 3*l - 4. Let b = -1 + l. Let k(f) = f + 1. What is k(b)?
1
Let a(u) = u**2 + u - 3. Let h(t) = 2*t**2 + 2*t - 3. Let o(v) = 4*a(v) - 3*h(v). What is o(-2)?
-7
Let x be 6/(-21) + (-220)/(-35). Let v(s) = s + 1. Let k be v(1). Let b(h) = k*h + x - 2 - 2 - 5*h**2 - 3. Determine b(1).
-4
Let c(o) = -o**2 - 4. Suppose -q - 6 = 2*r, 4*r + 20 - 8 = 5*q. Let f be c(q). Let j(a) = 2*a + 5. What is j(f)?
-3
Let z(l) = 4*l - 4. Let y(x) = -9*x + 9. Let w(p) = 3*y(p) + 7*z(p). Let v(s) = -s**2 + 7*s - 8. Let m(j) = -v(j) - w(j). Give m(6).
-3
Suppose -50*v = -47*v. Let o(p) = -p + 9. What is o(v)?
9
Let r(m) = -4*m**2 + 7 + 5*m**2 + 227*m - 235*m. Determine r(8).
7
Suppose -7 = 5*o - 32. Let i(v) = -2*v + 7. Calculate i(o).
-3
Let w(k) = -k**2 - 7*k - 8. Let f(x) = -x**2 - 7*x - 8. Let t(m) = -4*f(m) + 5*w(m). Determine t(-7).
-8
Suppose -7 = 5*n - 2*j, 9*n - 4*n + 3*j = -2. Let z(u) = 7*u - 1. Calculate z(n).
-8
Let r(w) = 2*w + 11. Let g be r(-5). Let x(z) = -2 + 2*z + 0*z**2 + z**3 + 5*z**2 + 0 + g. Suppose -5*u + 3*m - 3 - 31 = 0, 3*u + 3*m + 6 = 0. What is x(u)?
-11
Let x(v) = v**2 - 5*v + 3. Suppose -3*c = 4*o - 29, 0*c - 5*c = -15. What is x(o)?
3
Suppose u = -0*u + 6. Let c(d) = -4*d + 1. Let k(t) = -7*t + 1. Let w(q) = -11*c(q) + 6*k(q). Determine w(u).
7
Let a be -3 + 1 + 0 - -2. Let z(h) be the third derivative of h**6/120 + h**5/60 + h**4/24 - h**3/6 - 3*h**2. Calculate z(a).
-1
Let z(i) = -i**2 - 3. Suppose 0 = -2*l - 14 + 6. Determine z(l).
-19
Suppose 0 = -3*s - s + 12. Suppose 2 - 5 = -s*w. Let l(b) = 7*b. Give l(w).
7
Let f = 51 - 46. Let y(i) = -i - 7. Determine y(f).
-12
Let v(x) = 6*x**2 - 7*x + 33. Let a(o) = -5*o**2 + 6*o - 31. Let m(u) = -7*a(u) - 6*v(u). Determine m(0).
19
Let x be 0/(-3*2/(-3)). Suppose -10 = s - 6*n + 2*n, x = s + 4*n - 30. Let l = s - 9. Let y(b) = -5*b**3 + b. What is y(l)?
-4
Let v(o) = -5*o + 6*o - 6 - 5. Let b be ((-30)/8)/((-3)/8). Let j be v(b). Let d(t) = -6*t - 1. What is d(j)?
5
Let p(q) = -q**2 + 1. Suppose 7*m - 4 - 3 = 0. What is p(m)?
0
Let z = 1 - 7. Let s(c) = c + 8. Let r be s(z). Let u(j) = 0 + 4*j + j**3 - 68*j**2 + 65*j**2 - 3. What is u(r)?
1
Let n(x) be the third derivative of 0 + 1/6*x**3 - 1/30*x**5 + 1/12*x**4 - 1/120*x**6 + 0*x - 9*x**2. Give n(-3).
4
Let q(j) be the third derivative of 4*j**2 + 0*j - 1/6*j**3 + 0 + 1/12*j**4 + 0*j**5 - 3/20*j**6. Calculate q(1).
-17
Let w(x) = -x**3 - x**2 + x - 6. Let k(h) = -h**2 + h. Let c(s) = 2*s**3 + s**2 + 12. Let g(o) = c(o) - 2*k(o). Let r(a) = -2*g(a) - 5*w(a). Determine r(0).
6
Let d(c) = 3*c**2 + c. Let m be d(-1). Let q(b) = -b**2 + 3*b + 4. Let w be q(3). Let v(l) = -w*l - 3*l + m*l. Determine v(-1).
5
Let s(r) = r**2 - r. Let f(z) = z**3 - z**2 + 5*z. Suppose -4*g - 2 = -6*g. Let i(c) = g*f(c) + 4*s(c). Calculate i(-2).
2
Let j(i) = -i + 6. Suppose 2 - 8 = -2*g. Let w = g - 3. What is j(w)?
6
Let g(d) be the third derivative of d**6/240 + 3*d**5/40 + d**4/8 - 3*d**2. Let l(a) be the second derivative of g(a). Determine l(-6).
-9
Let r(f) be the third derivative of f**6/120 - f**5/12 + f**3 + 13*f**2. Calculate r(5).
6
Let a(i) = -5*i**2 - 322*i - 2*i**3 + 327*i + i**3 - 1. What is a(-6)?
5
Let f(h) = -9*h**3 + 22*h**2 + 7*h + 7. Let k(c) = 5*c**3 - 11*c**2 - 4*c - 3. Let t(v) = 4*f(v) + 7*k(v). Give t(11).
7
Let a(n) = -n**3 - 5*n**2 + 7*n + 7. Suppose 0 = -4*v + 6*v + 12. Give a(v).
1
Let y(o) be the third derivative of o**6/360 - o**5/120 - o**4/24 + o**3/3 + o**2. Let h(u) be the first derivative of y(u). What is h(3)?
5
Suppose 0 = -3*j + 2*f - 12, -3*j - f = 3*f - 6. Let h = j - 3. Let k(l) = -l**2 - 8*l - 7. Calculate k(h).
8
Suppose 0*s + 4 = 2*s. Let w(c) = 1. Let o(a) = a + 4. Let b(m) = o(m) - 3*w(m). Give b(s).
3
Let r(l) be the second derivative of 7*l**3/6 - 2*l**2 - l. Calculate r(4).
24
Suppose -3*n + n = -8. Let x(f) be the third derivative of f**6/120 - f**5/12 + f**4/8 - f**3/6 - 11*f**2. Calculate x(n).
-5
Let i(s) = -s + 1. Suppose -5*q - 18 = g + 17, 2*q + 5*g = -37. Let j = q + 11. Let k(w) = w + 7. Let o(z) = j*i(z) - k(z). Calculate o(-2).
10
Suppose -2*h - 3*h + 30 = 0. Let f be (-1)/(3/(-10))*3. Let t = h - f. Let w(c) = c**3 + 5*c**2 + c - 5. Give w(t).
7
Let f(n) be the third derivative of n**4/12 + 17*n**2. What is f(-1)?
-2
Let t(d) be the second derivative of d**3/6 - d**2 + 8*d. Let k = -7 - 0. Let o(l) = l + 13. Let n be o(k). What is t(n)?
4
Let z(n) = -4 + 339*n + n**2 - 339*n + n**3. Let c be (0/1)/(1*-1). Determine z(c).
-4
Let p be 12/(-78) - (-15)/13. Let w(v) = -v**3 + v. Determine w(p).
0
Let u(q) = 2*q + 5. Let o be -2*2 + 1 + -1. Let j be u(o). Let i be 5 - j/(-2 - 1). Let n(p) = p**3 - 4*p**2 - p - 2. What is n(i)?
-6
Let r(z) = -z**3 - 9*z**2 - 8*z + 7. Let q(h) = -3*h + 1. Let k be q(3). What is r(k)?
7
Let h(o) = -o - 2. Let w be h(-4). Let t(y) = -1 + 0 - 2*y - 4. Let f(p) = 2*p + 4. Let d(b) = w*t(b) + 3*f(b). Give d(-4).
-6
Let c(l) = -l**3 + 5*l**2 - 3*l - 3. Suppose 3*y + 4 = 4*y. Calculate c(y).
1
Let v(n) = -2*n + 8*n**2 + 2 - n**3 - 3*n**2 + 0*n**3. Let j(i) = -2*i - 4. Let l be j(-5). Suppose -l*b + 20 = -2*b. Calculate v(b).
-8
Let o be 28/(-12) - 2/3. Let a(i) = i**3 - i**2 + 3*i. Let r(l) = -l**2 + l + 1. Let d be 1/5 - (-42)/(-35). Let n(p) = d*a(p) + 4*r(p). Give n(o).
1
Let q(y) = -5*y**2. Suppose 6*p = 4*p + 20. Let i = 9 - p. Determine q(i).
-5
Suppose 0 = -0*a - 2*a + 2. Let h be (1 - 1)*a/(-1). Let b be (2/(-6)*h)/1. Let j(p) = -p - 10. Calculate j(b).
-10
Let y(p) = -2*p - 2. Let o = 0 + 3. Suppose o*h = 7*h - 16. Suppose -12 = h*a - 0*a. Give y(a).
4
Let s(o) be the second derivative of 0 - 1/6*o**3 - 2*o - 1/24*o**4 + o**2. Let f(c) be the first derivative of s(c). Give f(5).
-6
Let r be (3 + 0/(-2))/3. Let y(q) = -q**3 - q**2 + q. Give y(r).
-1
Suppose 5*z + 3*a = -24, -2*a = -z + 1 + 2. Let k(g) = g**2 + 3*g - 2. Calculate k(z).
-2
Let l be 2*(-27)/(-6) - 3. Suppose -3*z = 2*w - l*w + 3, 5*z = -5. Suppose -2 + 1 = 2*s - 3*a, -3*s + 5*a = w. Let n(q) = -q + 1. What is n(s)?
6
Let h(p) = p**3 - 3*p**2 - 6*p + 5. Let z be h(4). Let q(b) = -b**2 - b + 4. Let v be q(z). Let u(d) = -d - 2*d - 3*d + 2 + 5*d. Determine u(v).
4
Let v(h) = -65. Let w(c) = -3. Let m(f) = 2*v(f) - 45*w(f). Let i(d) = -d. Let o(k) = i(k) + m(k). Give o(3).
2
Let m be -2 + (-7)/(-1) - 2. Suppose -s = -0*s - m. Let d(y) = 4 - y**s + y**2 - 3*y + 4*y + y**2. Determine d(3).
-2
Let c(y) be the second derivative of -3/10*y**5 + 0 - 4*y - 1/2*y**2 + 1/12*y**4 - 1/6*y**3. Calculate c(-1).
7
Let p be 2 + (-171)/15 + (-9)/15. Let r(q) = q**2 + 10*q - 8. What is r(p)?
-8
Suppose -5*r - 27 = -3*k, -4*r - 9 + 1 = k. Let v = k - 9. Let g(h) be the second derivative of h**4/12 + h**3 + 5*h**2/2 - h. Calculate g(v).
0
Let t(w) = -w - 4. Let j be t(-4). Suppose j = -3*y - 3 + 21. Let r(g) = -y*g + g + 4*g**2 - 3*g**2 + 1. Calculate r(4).
-3
Let t(w) = 2*w - w**2 + 1 + 0*w**2 + 0*w + 2*w**2. Let j(q) = q**2 - 8*q + 6. Let v(h) = h**2 + h + 1. Let c be v(-3). Let n be j(c). Give t(n).
0
Let w be (-2)/(-5) - 52/(-20). Suppose -3*l = w + 3. Let o(c) = 0 + c**2 - 4 + 3*c + 2. Give o(l).
-4
Let s(o) = o**3 + 8*o**2 + 6*o - 9. Let w be s(-7). Let t(k) = 3*k**3 + 2*k**2 - 2*k - 3. Determine t(w).
-15
Let w(h) = h**2 + 8*h + 5. Let s be (4/6)/(10/(-105)). Determine w(s).
-2
Suppose 4*d = -4*t - 16, 5*t + 3 = 3*t - d. Let s(h) = -h**2 - h + 2. Let j be s(-2). Let u be j + (t - 1) + 5. Let c(i) = -i**3 + 5*i**2 - 2*i + 5. Give c(u).
-5
Let g(x) = 3*x. Let y(u) = -u**